 = 43*j - 51*j. What are the prime factors of j?
3, 73
Suppose 7*y + 370 = 12*y. List the prime factors of y.
2, 37
Let p(i) = 3*i**2 - 9*i - 6. List the prime factors of p(-4).
2, 3, 13
Let f be (6/(-4))/(1/2). List the prime factors of (f/(6/62))/(-1).
31
Let x(u) = 10*u - 1. Let j be x(4). Suppose 2*k + j = -13. What are the prime factors of k/(-4) + (-4)/8?
2, 3
Let v be 91/4 - 2/(-8). Let y(r) = -r**2 + 11*r + 4. Let u be y(10). Let i = v - u. List the prime factors of i.
3
Suppose 123 = 5*p + f, -4*f - 34 = -2*p + 24. Let u = p + -4. What are the prime factors of u?
3, 7
Let r(p) = 3*p**3 - 2*p**2 - 2*p + 2. Let j(a) = -a**3 - a + 1. Let b(i) = 2*j(i) + r(i). Let f be b(4). Let d = -4 + f. List the prime factors of d.
2
Suppose 2*j + 4*j - 186 = 0. List the prime factors of j.
31
Let d(l) = -38*l**3 + l**2 + l - 1. Let z be d(-1). Suppose b = x + z, 5*x = -4*b + 156 - 53. List the prime factors of b.
2
Suppose -c + 3*c = -36. Let v = -11 - c. List the prime factors of v.
7
List the prime factors of (4 - -3) + -1 + 271.
277
Let g = 13 - 11. Suppose -7 = -3*h - s + 11, -g*h - s = -12. List the prime factors of h.
2, 3
Suppose -4 = -5*c + 16, 0 = -2*a - 2*c + 8. Let y(b) = b**2 + b + 22. What are the prime factors of y(a)?
2, 11
Let u(w) = -9*w + 5. What are the prime factors of u(-4)?
41
List the prime factors of (-42 + (-8)/2)/(-1).
2, 23
What are the prime factors of 932/18 + (-24)/(-108)?
2, 13
Let m(t) = -2*t**3 + 29*t**2 - 9*t + 32. What are the prime factors of m(14)?
2, 3, 17
Let v = 11 - -1. Let c = 17 - v. List the prime factors of c.
5
Let s = 204 - 119. List the prime factors of s.
5, 17
Let t = -104 - -57. What are the prime factors of t/(-5) - (-12)/20?
2, 5
Let z(b) = -4*b + 10. What are the prime factors of z(-8)?
2, 3, 7
Let j(b) = 4*b - 4. Let n be j(-7). Let o = -18 - n. Suppose -5*p = -0*z + 2*z - o, 0 = z - 2*p - 7. List the prime factors of z.
7
Suppose -2*n + 2*a - 75 = -3*n, 2*a + 387 = 5*n. What are the prime factors of n?
7, 11
Let t(z) = 3*z**2 + 9*z - 5. List the prime factors of t(-6).
7
Let i(n) = 56*n**3 + n**2 - 21*n - 5. Let z(b) = -11*b**3 + 4*b + 1. Let u(v) = 2*i(v) + 11*z(v). List the prime factors of u(-1).
2, 5
Let r(g) = -g**2 + 5*g + 3. Let l(j) = -2*j**2 + 10*j + 6. Let k(h) = 6*l(h) - 11*r(h). Let m = -113 - -118. What are the prime factors of k(m)?
3
Let l(f) = -3*f - 1. Let y be l(-1). Suppose -y*x = x - 66. List the prime factors of x.
2, 11
Suppose -2*o = 2*v - 10, 0 = 2*v - v - o - 15. Let d be (1 + 1)/2*-7. Let n = d + v. List the prime factors of n.
3
Let q be 2/(-8) + (-468)/(-16). Let o = 20 - q. What are the prime factors of -7*(-3 - o/21)?
2, 3
What are the prime factors of (5 - 1 - -213) + -4?
3, 71
Let l(b) = -b**2 - 7*b + 5. Let s be l(-6). Suppose s = 2*o - 5. List the prime factors of o.
2
Suppose -3*j = -0*j + 6, -4*l + 3*j = 14. Let k(g) = g**2 + 2*g. Let p(y) = 1. Let q(s) = k(s) + 5*p(s). List the prime factors of q(l).
2, 5
Let w(y) = 8*y**2 - 2*y - 4. Let b(a) = -7*a**2 + 2*a + 4. Let v(r) = -7*b(r) - 6*w(r). List the prime factors of v(4).
2
Let u(l) = 2*l**2 + 4. Let d be u(-3). Suppose d - 6 = g. List the prime factors of g.
2
Let i = -6 + 6. Let g(o) = o + 6. Let t be g(i). Suppose -2*y + t = -30. List the prime factors of y.
2, 3
Let w = 43 - 31. Suppose 3*f - w = -3. What are the prime factors of f?
3
Suppose 3*o + 102 = 3*u, 96 = 3*u + o - 2*o. List the prime factors of u.
31
Suppose -4*a - 3*b + 2 = -9, 1 = 2*a - 3*b. Suppose r - 31 = -s, -r - r + a*s = -58. List the prime factors of r.
2, 3, 5
Let r(v) = v**3 - 2*v**2 + 6*v - 19. List the prime factors of r(7).
2, 67
Suppose 0 = -2*z + 5*t + 11, 3*t + t = -5*z + 77. Suppose -3*u + w - z = -8*u, -5*u - 5*w = -5. Suppose u = -y + 14. List the prime factors of y.
11
Suppose 298 = j + 4*a, -3*a - 142 - 177 = -j. List the prime factors of j.
2, 5, 31
Suppose -11*d = -8*d - 93. What are the prime factors of d?
31
Suppose 5*l - b = 885, 3*l - 272 = -5*b + 231. List the prime factors of l.
2, 11
Let h = -32 + 97. What are the prime factors of h?
5, 13
Let o be (-2 - 0) + 3 - -1. Suppose -2*q + 4*x + 40 = 0, -o*x = 5*q - 7*x - 80. List the prime factors of q.
2, 3
Suppose -4*a - 19 = -0*t + 3*t, -5*t = -4*a - 11. List the prime factors of 1 - (-2)/t - -5.
2
Suppose -4*z - 3*l + 134 = -0*l, -4*z + 130 = 5*l. Let w be 1/(-4) - (-53)/4. Suppose -4*p + w + z = 0. List the prime factors of p.
2, 3
Let v = -90 - -233. List the prime factors of v.
11, 13
List the prime factors of 5/((-5)/(-99)) - 0.
3, 11
Let u be -19 + 1 + 2/(-1). Let q = -13 - u. List the prime factors of q.
7
Let q(s) be the second derivative of s**4/12 - s**3 + 7*s**2/2 - 6*s. Suppose 0 = -4*y + 9 + 11. What are the prime factors of q(y)?
2
Let x(s) = s**3 - 15*s**2 + 16*s + 20. List the prime factors of x(14).
2, 3
Suppose -k + 38 = 3*u, k + 2 = -0*k + 5*u. What are the prime factors of k?
23
Let l be (2 - 1/2)*-2. Let m be 1 + 1 + (l - -4). Let p = m + 6. What are the prime factors of p?
3
Let g = 2 + -2. Suppose u - 2 = -g*u. List the prime factors of u - -3 - 0/1.
5
Let u(f) = f**3 - 7*f + 6. Let z be u(4). Suppose g + 2*g - z = 0. What are the prime factors of g?
2, 7
Suppose -3*q - 5*d + 17 = -q, 2*d - 2 = 0. Let v(j) = 1 - 2*j + 1 - q. What are the prime factors of v(-6)?
2
Let y = 3 - 1. Let l = y - -8. List the prime factors of l.
2, 5
Let r = 0 + 2. Suppose 0 = -3*b - r*b + 155. What are the prime factors of b?
31
Suppose 0 = -4*h + 9*h - 10. Suppose 3*r - h*p = -2*r + 34, -5*p + 15 = 0. What are the prime factors of r?
2
Let a = -11 + 14. What are the prime factors of a*(-12)/(-9) + 1?
5
Let k(a) be the second derivative of -5*a**3/6 - a**2 + 3*a. Let l be -2 + -1 + 3 + -3. What are the prime factors of k(l)?
13
Suppose 0 = -2*j + 4*j - 20. Suppose 2*c = 4 + 6. Suppose -5*w - 36 = -5*v + 14, j = -c*w. List the prime factors of v.
2
Let o(g) = g - 11. Let r be o(6). List the prime factors of (-2 - r - 24)*-1.
3, 7
Suppose -21 = -5*h + d, -8*h + 3*h = 4*d - 16. Suppose 48 = -2*m + h*m. List the prime factors of m.
2, 3
Let k(f) = -1. Let p(h) = -h**2 + 7*h - 6. Let b(y) = -5*k(y) + p(y). List the prime factors of b(6).
5
Suppose -53 = -o + q + 4*q, -5*o + 2*q = -242. List the prime factors of o.
2, 3
Let p(t) be the second derivative of -2*t - 1/6*t**3 - 1/2*t**2 + 0. List the prime factors of p(-5).
2
Suppose 7*u + 0*u = -5*u. Let o be 1 - 1/(2/(-4)). Suppose u*h = o*h - 36. What are the prime factors of h?
2, 3
Let v(m) = 6*m + 7. Let j(c) = -12*c - 15. Let d(s) = -6*j(s) - 13*v(s). What are the prime factors of d(-3)?
17
Suppose 17 + 3 = 5*l. Let g = 34 - l. Suppose -g = -10*b + 5*b. What are the prime factors of b?
2, 3
Let x(j) = 6*j**2 - 3*j + 3. Let a(k) = -6*k**2 + 4*k - 4. Suppose 5*y = 2*f + f, -5*f + 22 = -y. Let q(z) = y*x(z) + 2*a(z). List the prime factors of q(1).
2, 3
Suppose 2*s + 3*u - 121 = 0, 0*s = -2*s + 2*u + 106. List the prime factors of s.
2, 7
Let m be 12*(-1 - -2)/3. Let g = m + 5. Suppose 2*x = 3*d - x - g, -18 = -4*d + 2*x. List the prime factors of d.
2, 3
Suppose 5*m = -2*d + 136, -5*m - d + 95 = -43. Suppose 4*r - m = -3*o + 6*r, -3*r = -12. List the prime factors of o.
2, 3
Let b(i) = i**3 - 7*i**2 + 6*i - 6. Let h be b(6). Let g = 9 + h. Suppose -g*r + 4*w + 20 = 4, 4*r + 4*w = 68. What are the prime factors of r?
2, 3
Let b = 8 - 5. List the prime factors of (-3)/b*-1 + 7.
2
Suppose -8*a = -10*a. Suppose -2*s + a*s + 32 = 0. What are the prime factors of s?
2
Let h(m) = -m**3 - 6*m**2 + 7*m + 2. Suppose -u = 5*i + 2, -5 - 12 = 3*u + 4*i. Let s be h(u). What are the prime factors of (3/s)/((-2)/(-12))?
3
Let f = -82 + 123. What are the prime factors of f?
41
List the prime factors of 106/6 - (-24)/18.
19
Let u(m) be the third derivative of -m**4/12 - 5*m**3/6 + 2*m**2. Suppose -j = -3*p - 15, -27 = 4*p + j - 0*j. What are the prime factors of u(p)?
7
Suppose 5*c + 0*c - n = 199, -4*c + 4*n = -172. List the prime factors of c.
3, 13
List the prime factors of 1*(-4 - 1) - -313.
2, 7, 11
Let u = -89 - -48. Let y = u + 61. List the prime factors of y.
2, 5
Let h(x) be the first derivative of x**4/4 + 2*x**3 + 7*x + 1. Let g(t) = -t + 7. Let k be g(13). What are the prime factors of h(k)?
7
Suppose -g + 447 = 4*o, 162 = 